e of p**3/3 + 2*p. What is c(s)?
-2
Let u(v) = -4*v + 17*v + 0*v - 87*v**2 - 88*v**2 + 18 + 176*v**2. Calculate u(-12).
6
Let r(d) = -2*d + 5. Let m(y) = y. Let s(k) = -3*m(k) - r(k). Let w(h) = 1. Let b(c) = s(c) + 5*w(c). Give b(4).
-4
Let l(a) = a**2 - 6*a + 4. Let n(y) = -2*y**2 + 12*y + 1. Let s be n(10). Let q = s - -83. Give l(q).
-4
Suppose 8*z = 30 - 94. Let w(a) = 4*a + 11. Calculate w(z).
-21
Let i(z) = z**2 + 13*z - 19. Suppose -1 = -2*m + 5, 3*m - 37 = 2*f. What is i(f)?
-5
Let h(b) = 101*b + 15. Let r(t) = -37*t - 5. Let d(i) = 4*h(i) + 11*r(i). Give d(-1).
8
Let t(z) = -87*z**3 + 40*z**3 - 1 + 46*z**3 + 8*z + 3*z**2 - 3*z. Give t(4).
3
Let v(y) = 2*y**3 + 2*y + 10 - 3*y**3 - 15*y**2 + 19*y**2 - 11*y**2. Calculate v(-7).
-4
Let n(q) be the second derivative of -q**6/360 + q**5/120 - q**4/24 - 2*q**3/3 - 5*q. Let v(y) be the second derivative of n(y). Calculate v(-2).
-7
Let w(g) = -g**2 + 6*g + 31. Suppose 75*b = 32*b + 387. Give w(b).
4
Suppose -3*s + 7 + 5 = 0. Suppose -s*b - 8 = -2*b. Let v(u) = -4 - 1 - u + 1. Calculate v(b).
0
Let z be 9/14 + 57/(-399). Let o(t) be the first derivative of 4*t + z*t**2 + 1/3*t**3 + 8. Calculate o(-3).
10
Suppose 2*i + 114 - 120 = 0. Suppose 0 + i = -4*d + w, 5 = -5*w. Let o(p) = p**3 + p + 1. Calculate o(d).
-1
Let d(y) = -9*y - 3*y**2 + 2*y**2 + 3*y + 2. Suppose -7*g = -4 + 39. Let b(f) = 2*f**2 + 11*f - 3. Let x(q) = g*d(q) - 3*b(q). What is x(-1)?
1
Let y(c) be the second derivative of -c**4/12 + c**3/6 - c**2 - 4*c. Let t(a) = a - 24. Let b be t(24). Give y(b).
-2
Let k(s) be the second derivative of -s**5/20 + 17*s**4/12 - 17*s**3/6 - 7*s**2/2 + 3*s - 1. What is k(16)?
-23
Suppose -79 = 40*n + 81. Let c(p) = -11*p**2 - 4*p + 9. Let y(j) = 4*j**2 + j - 3. Let f(z) = 3*c(z) + 8*y(z). What is f(n)?
3
Let y(q) = q**3 + 3*q**2 - 2*q + 6. Let j be y(-4). Let d be (-1)/((-1)/j) + 0. Let o(v) = -v**3 - v**2 + 1. Determine o(d).
5
Suppose 0 = 3*n - 21. Let t = 9 - n. Suppose 6*s - t = 22. Let o(x) = 2*x - 3. Determine o(s).
5
Let p(o) = -3*o**2 + 3*o + 2. Let u(b) = -b**3 + 8*b**2 - 8*b - 5. Let x be (-16)/30*3*-5. Let n(l) = x*p(l) + 3*u(l). Give n(-1).
4
Let d(v) = 8*v - 8*v + 4*v + 4*v. Give d(-2).
-16
Let c = 317 - 202. Let m = c - 113. Let j(l) = 2*l**2 - 2. Determine j(m).
6
Let u(v) = 0*v**3 + 4*v**3 - 3*v**3 - 3*v - 2*v**3 - 4*v**2. Let z = -1790 - -1786. What is u(z)?
12
Let m(f) = -f**3 - 7*f**2 + 2*f - 1. Let r(b) = 75*b - 982. Let y be r(13). Give m(y).
-15
Let z(a) = 9 + a**2 - 8 - 2*a - 4*a. Suppose -24 = -3*o + 3*y, y - 5 = 2*y. What is z(o)?
-8
Let g(q) = 464*q - 472*q + 1 + 3. What is g(1)?
-4
Let r = -38 + 38. Let b(n) = r*n + 5*n**2 + 2*n - 22 + 23. Suppose 4 = c + 5*w - 5, -8 = -2*c - 5*w. Determine b(c).
4
Let c(t) be the second derivative of -t**3/6 + 16*t**2 + t + 133. Give c(0).
32
Let s(n) = -10*n**3 - 12*n**2 - 11*n - 7. Let o(q) = 19*q**3 + 22*q**2 + 20*q + 13. Let p(f) = -6*o(f) - 11*s(f). Let y be 1 - 1 - (-3)/3. What is p(y)?
-4
Suppose 2*w + 2*w = d - 10, 4*d + 17 = -3*w. Let q(z) = -19*z - z**2 + 33*z - 19*z. Let b be q(w). Let s(v) = v**2 - 8*v + 9. Calculate s(b).
-3
Let c(p) = 2*p**3 + 3*p**2 + 4*p + 2. Suppose 3*d + 2*d - 65 = 0. Suppose 4*z - 5 = -d. Calculate c(z).
-10
Let j = 7 + -4. Let w(x) = -4*x + 41. Let m be w(10). Let r be m/j + (-22)/3. Let p(o) = 2*o + 1. What is p(r)?
-13
Let c(g) = g**3 - g**2 - 1. Let p = 127 - 128. Let z(w) = 4*w**3 - 8*w**2 - 3*w - 8. Let m(k) = p*z(k) + 5*c(k). Determine m(-2).
1
Let f be ((-112)/24)/((-1)/6). Suppose -3*z + 19 = 5*v, z - 5*z = -4*v + f. Let j(a) = a**2 + a + 1. Give j(v).
31
Let z(y) = -46*y + 22*y + 11 + 25*y. Calculate z(0).
11
Let y(q) = q**2 + 8*q + 24. Let r be y(-5). Suppose 4*v = 7*v - r. Let t(c) = -1 - c + 2*c - 2. Give t(v).
0
Let s(m) = -8*m**2 + 18*m - 15. Let g be s(1). Suppose o = -3*o. Let j(a) = 1 + o + 0*a + 2*a. Calculate j(g).
-9
Let k = 24 + -24. Suppose 5*i + 4*m + 0*m + 5 = k, 3*m - 2 = 2*i. Let q(a) = -8*a**3 - a**2 + 1. What is q(i)?
8
Let p(v) = 4*v + v**3 + 101*v**2 + 3 + 5 + 5*v - 90*v**2. What is p(-10)?
18
Let k(v) be the first derivative of -v**2/2 - 7*v - 144. Suppose 5 = 4*u - 19. What is k(u)?
-13
Suppose -4*x = -4*k - 40, k + 4*k + 40 = 3*x. Let o(w) = -w**3 - 6*w**2 - 6*w - 4. Determine o(k).
1
Let a(z) = -2*z. Let k(f) = -2*f. Let g(i) = -6*a(i) + 4*k(i). Let y(m) = -3*m**3 + 2*m**2 - m. Let v = 165 - 164. Let t be y(v). Give g(t).
-8
Let g be (2/(-5))/(-1) + (-4)/10. Suppose 0 = z - 3*l + 2, g = -3*z - 4*l - 4 - 2. Let y(t) = 2 - 2*t**2 + 2*t - 4 + 4*t**2 + t**3. What is y(z)?
-6
Let w(j) = -j - 6. Suppose -249 = 5*l + 2*t - 3, l = t - 45. Let g = 45 + l. Calculate w(g).
-3
Let m(z) = -2*z + 3. Suppose 2*r = -5*y, y + y - 21 = -5*r. Determine m(r).
-7
Let a(l) = 2*l**3 - 3*l**2 - 4*l - 1. Let d be a(-3). Let g be 32/14 + 20/d. Suppose -7*m - 5*r = -2*m, 0 = -m - g*r + 2. Let p(q) = -2*q + 2. Determine p(m).
6
Let o(y) = -2*y - 4. Let t = 41 - 34. Let n(z) = 4*z + 7. Let m(c) = t*o(c) + 4*n(c). Calculate m(-3).
-6
Let c(k) = 2*k**2 + 7*k + 1. Let x(l) = 3*l**2 + 6*l + 1. Let w(g) = 6*c(g) - 7*x(g). Suppose -n - 2*n = 3. Determine w(n).
-10
Let m be 15/(-10)*-2 - (1 + -1). Let v = 7 - 3. Suppose m*u = -v*h + 24, -2*h - 5*u + 12 = -u. Let y(s) = -3*s + 8. What is y(h)?
-10
Let d(n) = -4*n**2 + 5*n + 5. Let p(a) be the third derivative of -a**5/60 + 2*a**2. Let r(f) = d(f) - 6*p(f). Give r(-4).
17
Let i(p) = 6*p + 7. Let c(b) = -4*b - 9. Let g(w) = -2*c(w) - 3*i(w). Give g(-3).
27
Let u(f) = -f**2 + 3*f + 2. Let j be (-3 - (2 - 4))/1. Let y = j + 5. Calculate u(y).
-2
Let f(a) be the third derivative of -a**5/30 + 3*a**4/8 - 8*a**3/3 + 60*a**2 + a. Give f(2).
-6
Let b(k) = 4 - 2*k + 3*k + 3*k - 2. Suppose 13*h - 14*h = -39. Let w = h - 41. Calculate b(w).
-6
Let r(t) be the second derivative of t**4/12 - t**3/6 - 5*t**2 + 2*t. Suppose 0 = -0*y - 5*y. Give r(y).
-10
Let t(v) be the first derivative of -v**4/4 + 2*v**3 - 5*v**2/2 + 7*v - 36. Give t(5).
7
Let b(r) be the first derivative of 26 - 11/2*r**2 - 1/3*r**3 - 10*r. What is b(-11)?
-10
Let m(w) = -3*w**3 + 12*w**2 + 12*w + 6. Let r(p) = -2*p**3 + 11*p**2 + 11*p + 4. Let q(h) = -3*m(h) + 4*r(h). Suppose -7*j + 2*j - 35 = 0. Give q(j).
-9
Let h(l) be the first derivative of l**4/12 + 7*l**3/6 + 5*l**2/2 - 18*l + 36. Let y(v) be the first derivative of h(v). Give y(-4).
-7
Let g(k) = -1 + 26*k**3 + 0*k**3 + k**2 - 4 - k + 4. Give g(-1).
-25
Let g(t) = 7*t**2 + 56*t + 5. Let u be g(-8). Let p(f) = f**2 - 5*f + 2. Give p(u).
2
Let h(u) be the third derivative of u**6/120 - u**5/60 - u**4/12 - u**3/6 + u**2 - 20*u. Give h(-2).
-9
Let b(u) = -3*u - 1. Let o be b(0). Let c(x) = -38*x. Give c(o).
38
Let m(n) = -2*n**3 - n**2 - 2*n. Suppose 56 - 45 = -11*o. Determine m(o).
3
Let n(w) = w**2 - 2*w. Suppose -4*b + 4 = -4. Suppose -7*z + b*z = 20. Let v be 2 + (-16)/(-4) + z. Determine n(v).
0
Let d(p) = -p**2 + 3*p - 4. Let b(s) = s**2 - 2*s + 3. Let t(j) = -j. Let v(k) = -2*k - 1. Let x be v(-2). Let i be t(x). Let m(h) = i*b(h) - 4*d(h). Give m(5).
2
Let s(g) = 8*g**2 + 11 - 2 - 2*g + 3*g**3 - 4*g**3. Let u = 72 - 72. Suppose -2*r + r + 3*b + 8 = u, -3*r + b = -24. Determine s(r).
-7
Let c(b) = 3*b**2 + 9*b - 4. Let x = 2221 - 2226. What is c(x)?
26
Let a(i) be the third derivative of 2*i**5/15 - i**3/6 + 7*i**2. Let o be a(-1). Let l(n) = -o - 1 - n + 0. Give l(-4).
-4
Let t = 269 + -269. Let d(n) = n + 14. Determine d(t).
14
Suppose 2*m - 4*m = x - 14, 2*x - 23 = -3*m. Let d(q) = -q**3 + 2*q**2 + 6*q - 4. What is d(x)?
-12
Let q(w) be the second derivative of -w**7/840 - 7*w**6/360 - 7*w**5/120 - 5*w**4/24 + 3*w**3 + 8*w. Let s(h) be the second derivative of q(h). Calculate s(-6).
1
Let q(f) = 4*f**2 + 13*f - 4. Suppose -2*a = 4*a - 12. Let m(x) = -x**2 - 3*x + 1. Let b(r) = a*q(r) + 9*m(r). Determine b(2).
-5
Let p(g) = 7*g**3 + 2*g**2 - 8*g + 1. Let r(d) = 12*d**3 + 4*d**2 - 14*d + 2. Let z(q) = 5*p(q) - 3*r(q). Calculate z(-2).
-5
Let j(k) = -40*k + 3. Let i(t) = 40*t - 4. Let q(s) = 4*i(s) + 5*j(s). Give q(-1).
39
Let y(v) = 4*v + 2. Let q(l) be the second derivative of l**4/12 + l**3/6 + l**2/2 + 15*l. Let a(k) = -q(k) + y(k). Give a(-2).
-9
Let j(i) = -8*i**3 + i**2 + 5*i + 5. Let o be j(-2). Suppose -24 = q - o. Let u